{"id":990,"date":"2020-12-28T20:53:33","date_gmt":"2020-12-28T20:53:33","guid":{"rendered":"https:\/\/www.daniel-laba.it\/Wordpress\/?page_id=990"},"modified":"2020-12-28T21:24:14","modified_gmt":"2020-12-28T21:24:14","slug":"trenerzy","status":"publish","type":"page","link":"https:\/\/triathlonolesnica.pl\/new_site\/trenerzy\/","title":{"rendered":"Trenerzy"},"content":{"rendered":"\t\t<div data-elementor-type=\"wp-page\" data-elementor-id=\"990\" class=\"elementor elementor-990\">\n\t\t\t\t\t\t<div class=\"elementor-inner\">\n\t\t\t\t<div class=\"elementor-section-wrap\">\n\t\t\t\t\t\t\t\t\t<section class=\"elementor-section elementor-top-section elementor-element elementor-element-e329024 elementor-section-boxed elementor-section-height-default elementor-section-height-default\" data-id=\"e329024\" data-element_type=\"section\">\n\t\t\t\t\t\t<div class=\"elementor-container elementor-column-gap-default\">\n\t\t\t\t\t\t\t<div class=\"elementor-row\">\n\t\t\t\t\t<div class=\"elementor-column elementor-col-100 elementor-top-column elementor-element elementor-element-294faa9\" data-id=\"294faa9\" data-element_type=\"column\">\n\t\t\t<div class=\"elementor-column-wrap elementor-element-populated\">\n\t\t\t\t\t\t\t<div class=\"elementor-widget-wrap\">\n\t\t\t\t\t\t<section class=\"elementor-section elementor-inner-section elementor-element elementor-element-e8359a0 elementor-section-boxed elementor-section-height-default elementor-section-height-default\" data-id=\"e8359a0\" data-element_type=\"section\">\n\t\t\t\t\t\t<div class=\"elementor-container elementor-column-gap-default\">\n\t\t\t\t\t\t\t<div class=\"elementor-row\">\n\t\t\t\t\t<div class=\"elementor-column elementor-col-50 elementor-inner-column elementor-element elementor-element-1a952df\" data-id=\"1a952df\" data-element_type=\"column\">\n\t\t\t<div class=\"elementor-column-wrap elementor-element-populated\">\n\t\t\t\t\t\t\t<div class=\"elementor-widget-wrap\">\n\t\t\t\t\t\t<div class=\"elementor-element elementor-element-a73c0d4 elementor-invisible elementor-widget elementor-widget-heading\" data-id=\"a73c0d4\" data-element_type=\"widget\" data-settings=\"{&quot;_animation&quot;:&quot;fadeInDown&quot;}\" data-widget_type=\"heading.default\">\n\t\t\t\t<div class=\"elementor-widget-container\">\n\t\t\t<h3 class=\"elementor-heading-title elementor-size-default\">Marek B\u0142ach<\/h3>\t\t<\/div>\n\t\t\t\t<\/div>\n\t\t\t\t<div class=\"elementor-element elementor-element-c892b62 animated-slow elementor-invisible elementor-widget elementor-widget-text-editor\" data-id=\"c892b62\" data-element_type=\"widget\" data-settings=\"{&quot;_animation&quot;:&quot;fadeIn&quot;,&quot;_animation_delay&quot;:1000}\" data-widget_type=\"text-editor.default\">\n\t\t\t\t<div class=\"elementor-widget-container\">\n\t\t\t\t\t\t\t\t<div class=\"elementor-text-editor elementor-clearfix\">\n\t\t\t\t<div>Za\u0142o\u017cyciel Ole\u015bnickiej Grupy Triathlonowej, trener, odpowiedziany za przygotowanie programu treningowego, prowadzi treningi p\u0142ywackie, biegowe oraz kolarskie.\u00a0<span style=\"font-size: 1.125rem;\">Misj\u0105 Marka jest przygotowanie ka\u017cdego ch\u0119tnego do d\u0142ugoterminowego uprawiania triathlonu.\u00a0<\/span><span style=\"font-size: 1.125rem;\">Lubi rywalizacj\u0119, systematycznie startuje w zawodach Triathlonowych. <\/span><span style=\"font-size: 1.125rem;\">Przepis na sukces to, zr\u00f3wnowa\u017cony rozw\u00f3j, systematyczna praca oraz \u015bwietna zabawa.<\/span><\/div>\t\t\t\t\t<\/div>\n\t\t\t\t\t\t<\/div>\n\t\t\t\t<\/div>\n\t\t\t\t\t\t<\/div>\n\t\t\t\t\t<\/div>\n\t\t<\/div>\n\t\t\t\t<div class=\"elementor-column elementor-col-50 elementor-inner-column elementor-element elementor-element-17cacf2\" data-id=\"17cacf2\" data-element_type=\"column\">\n\t\t\t<div class=\"elementor-column-wrap elementor-element-populated\">\n\t\t\t\t\t\t\t<div class=\"elementor-widget-wrap\">\n\t\t\t\t\t\t<div class=\"elementor-element elementor-element-6ee44ec elementor-invisible elementor-widget elementor-widget-heading\" data-id=\"6ee44ec\" data-element_type=\"widget\" data-settings=\"{&quot;_animation&quot;:&quot;fadeInDown&quot;,&quot;_animation_delay&quot;:2000}\" data-widget_type=\"heading.default\">\n\t\t\t\t<div class=\"elementor-widget-container\">\n\t\t\t<h3 class=\"elementor-heading-title elementor-size-default\">Piotr Szelerski<\/h3>\t\t<\/div>\n\t\t\t\t<\/div>\n\t\t\t\t<div class=\"elementor-element elementor-element-7587a6f animated-slow elementor-invisible elementor-widget elementor-widget-text-editor\" data-id=\"7587a6f\" data-element_type=\"widget\" data-settings=\"{&quot;_animation&quot;:&quot;fadeIn&quot;,&quot;_animation_delay&quot;:3000}\" data-widget_type=\"text-editor.default\">\n\t\t\t\t<div class=\"elementor-widget-container\">\n\t\t\t\t\t\t\t\t<div class=\"elementor-text-editor elementor-clearfix\">\n\t\t\t\t<p>Trener biegowy, trener personalny, odpowiedzialny za realizacj\u0119 trening\u00f3w biegowych oraz przygotowanie motoryczne. Na co dzie\u0144 \u015bciga si\u0119 w zawodach typu: Triathlon, Duathlon, Aquathlon oraz zawodach biegowych.&nbsp;<\/p>\t\t\t\t\t<\/div>\n\t\t\t\t\t\t<\/div>\n\t\t\t\t<\/div>\n\t\t\t\t\t\t<\/div>\n\t\t\t\t\t<\/div>\n\t\t<\/div>\n\t\t\t\t\t\t\t\t<\/div>\n\t\t\t\t\t<\/div>\n\t\t<\/section>\n\t\t\t\t\t\t<\/div>\n\t\t\t\t\t<\/div>\n\t\t<\/div>\n\t\t\t\t\t\t\t\t<\/div>\n\t\t\t\t\t<\/div>\n\t\t<\/section>\n\t\t\t\t\t\t\t\t\t<\/div>\n\t\t\t<\/div>\n\t\t\t\t\t<\/div>\n\t\t","protected":false},"excerpt":{"rendered":"<p>Marek B\u0142ach Za\u0142o\u017cyciel Ole\u015bnickiej Grupy Triathlonowej, trener, odpowiedziany za przygotowanie programu treningowego, prowadzi treningi p\u0142ywackie, biegowe oraz kolarskie.\u00a0Misj\u0105 Marka jest przygotowanie ka\u017cdego ch\u0119tnego do d\u0142ugoterminowego uprawiania triathlonu.\u00a0Lubi rywalizacj\u0119, systematycznie startuje<\/p>\n<p class=\"more-link\"><a href=\"https:\/\/triathlonolesnica.pl\/new_site\/trenerzy\/\" class=\"readmore\">Czytaj dalej&#8230;<span class=\"screen-reader-text\">Trenerzy<\/span><\/a><\/p>\n","protected":false},"author":1,"featured_media":0,"parent":0,"menu_order":0,"comment_status":"closed","ping_status":"closed","template":"","meta":[],"_links":{"self":[{"href":"https:\/\/triathlonolesnica.pl\/new_site\/wp-json\/wp\/v2\/pages\/990"}],"collection":[{"href":"https:\/\/triathlonolesnica.pl\/new_site\/wp-json\/wp\/v2\/pages"}],"about":[{"href":"https:\/\/triathlonolesnica.pl\/new_site\/wp-json\/wp\/v2\/types\/page"}],"author":[{"embeddable":true,"href":"https:\/\/triathlonolesnica.pl\/new_site\/wp-json\/wp\/v2\/users\/1"}],"replies":[{"embeddable":true,"href":"https:\/\/triathlonolesnica.pl\/new_site\/wp-json\/wp\/v2\/comments?post=990"}],"version-history":[{"count":24,"href":"https:\/\/triathlonolesnica.pl\/new_site\/wp-json\/wp\/v2\/pages\/990\/revisions"}],"predecessor-version":[{"id":1037,"href":"https:\/\/triathlonolesnica.pl\/new_site\/wp-json\/wp\/v2\/pages\/990\/revisions\/1037"}],"wp:attachment":[{"href":"https:\/\/triathlonolesnica.pl\/new_site\/wp-json\/wp\/v2\/media?parent=990"}],"curies":[{"name":"wp","href":"https:\/\/api.w.org\/{rel}","templated":true}]}}